v. Let d be ((-1)/2)/((-11)/1540). Suppose j = -v*j + d. What are the prime factors of j?
2, 7
Suppose 0*g + 6 = 2*g. Let s(h) = -5 - g - 2*h + 0. List the prime factors of s(-6).
2
Let r(z) = z**2 + 7*z. Let g be r(-7). Suppose 4*l + l - 100 = g. What are the prime factors of l?
2, 5
Let w(y) = y. Let c be (-7 - -27)*2/5. What are the prime factors of w(c)?
2
Let w(x) = -x**2 - 11*x + 1. List the prime factors of w(-8).
5
Let c(h) = 3*h**2 - 3*h - 4. Let a be c(4). Suppose 0 = -x - 1 + a. What are the prime factors of x?
31
Suppose 3*a = -a. Let n be (-4)/10 + (-51)/(-15). Suppose a = -3*d - 3*v + 6, n*v = -2*v - 25. List the prime factors of d.
7
What are the prime factors of (-464)/(-40)*(-2 - -7)?
2, 29
Let t be (-9)/((-6)/7 + 1). Let k = 96 + t. What are the prime factors of k?
3, 11
Let n be 103 - 1/(1/(-2)). Let k(w) = -2*w + 6. Let s be k(9). List the prime factors of (-3)/s + n/12.
3
List the prime factors of (130/40)/((-2)/(-8)).
13
Let b(z) = 2*z**3 - z. Suppose k = s + 1 - 2, 4*s = 12. List the prime factors of b(k).
2, 7
Let j(w) = w**3 + 9*w**2 - 12*w + 8. List the prime factors of j(-10).
2, 7
What are the prime factors of (132/(-14))/(-3*5/105)?
2, 3, 11
Suppose 7*i + 4 + 10 = 0. Let u = i - -29. What are the prime factors of u?
3
Suppose -5*j = 2*q - 4*j - 76, -156 = -4*q - 4*j. Suppose x + q = 2*x. List the prime factors of x.
37
Let p(z) = -12*z - z**2 + 2*z**2 + 9*z + 6. List the prime factors of p(4).
2, 5
Let n = 24 + -12. Suppose -3*z + n = -z - y, -4*z = 2*y - 32. What are the prime factors of z?
7
Let r be 12/(-5)*10/(-4). List the prime factors of ((-21)/r)/((-1)/2).
7
Suppose 8*n = 2*n + 162. List the prime factors of n.
3
Let n(z) = -2*z**2 - z + 18. List the prime factors of n(0).
2, 3
Let h = 88 - 24. What are the prime factors of h?
2
Let u be 19 + 2/4*-6. Suppose 2*b + u = 3*b - 5*v, 2*v = 5*b - 172. List the prime factors of b.
2, 3
Let z be 1/(-4) + 42/8. Suppose -4*t - l = -97, -4*l + 5 + 119 = z*t. Let r = -17 + t. List the prime factors of r.
7
Let k(q) = 197*q**3 + q**2 - q. List the prime factors of k(1).
197
Let p = 38 - -16. Suppose 4*b = 2*q - 5*q + 74, 3*q - p = -3*b. What are the prime factors of b?
2, 5
Let k(s) = -s**3 - s**2 - s + 9. Let f be k(0). Suppose -2*p = -b + f, -4*b = -0*b + p - 27. What are the prime factors of b?
7
Let f be -3 - (1 + (-9)/(-3)). List the prime factors of 4/14 - 19/f.
3
What are the prime factors of 4 + (84 - 5/5)?
3, 29
Suppose -2 - 1 = j. Let b(y) = 5*y**2 + 2*y + 6 - 4 + y**3 + 2*y. List the prime factors of b(j).
2
Let a = 77 + -40. List the prime factors of a.
37
Let t = -44 - -31. Let a = 41 + t. Suppose 3*o - a = o. List the prime factors of o.
2, 7
Let w be (4*4/8)/1. Suppose 2*x = 4*t - 200, w*x = 3*t - 0*x - 152. List the prime factors of t.
2, 3
Let p(o) = 3*o**2 + 2. List the prime factors of p(-3).
29
Let p = 183 - 40. List the prime factors of p.
11, 13
Let z = -9 - -32. Let t = z + -14. List the prime factors of t.
3
Let q(g) = g**2 + 9*g + 14. List the prime factors of q(-10).
2, 3
Let y be -4 + (-4 + 3)*2. List the prime factors of (-81)/(-6)*y/(-9).
3
Let h(t) = 3*t**2 + 2*t + 6. Let y = -10 + 13. Let o(c) = 4*c**2 + 3*c + 7. Let z(f) = y*h(f) - 2*o(f). What are the prime factors of z(-4)?
2, 5
Let w(d) be the first derivative of -d**2 - 7*d + 3. What are the prime factors of w(-9)?
11
Suppose -24 + 76 = 2*g. List the prime factors of g.
2, 13
Let w(y) = -2*y**2 - 1 + 3*y**2 - 2. Let x(s) = -s**3 + 8*s**2 + 10*s - 13. Let h be x(9). What are the prime factors of w(h)?
13
Let m(q) = -q**3 - 5*q**2 + 1. Let l be -3*1 + 1 - 3. Let u be m(l). Suppose -29 = -4*z - u. List the prime factors of z.
7
Suppose 8 = o + 3. Suppose -3*t - 3*c = -102, o*c + 0*c + 82 = 2*t. What are the prime factors of t?
2, 3
Let l(n) = 8*n**2 + 6*n - 20. What are the prime factors of l(3)?
2, 5, 7
Let s = 52 - 20. What are the prime factors of s?
2
Let b = 15 + -11. Suppose h + b*v = 2, 0*v = -h + v + 2. What are the prime factors of h?
2
Suppose 44 = 2*h + 2*h. List the prime factors of h.
11
List the prime factors of 28/182 - 334/(-26).
13
Suppose 3*o = o - 126. Let v = o + 115. Suppose 5*m + 5*y - 45 = 0, -5*m + v = -y - 5. What are the prime factors of m?
11
Suppose 9 = -24*w + 27*w. Suppose 2*d - 93 = -3*y, w*d + 2*y + 0*y - 132 = 0. What are the prime factors of d?
2, 3, 7
Suppose 26 = 4*x + 5*n, 30 = 4*x + 5*n - 2*n. Suppose 5*f = -2*w - 3*w + 30, w = -4*f - x. What are the prime factors of w?
11
Let g(s) = 5 + s**2 - 3 + 3*s**2. Let h be g(-5). List the prime factors of (6/9)/(4/h).
17
Let y(c) = 430*c**2 - 2*c - 2. List the prime factors of y(-1).
2, 5, 43
Let f(o) = -o. Let p be f(-2). Suppose 43 = p*l + 3. List the prime factors of l.
2, 5
Suppose -4*c = -c + w - 13, 18 = 2*c + 3*w. Suppose 0 = c*l - 30 - 33. List the prime factors of l.
3, 7
Let q(r) = -r**2 + r - 1. Let s(z) = -2*z**2 + 6*z + 2. Let f(u) = -q(u) + s(u). Let x be f(5). List the prime factors of 1*1/(x/27).
3
Let m = 5 - 5. Suppose m*o = 2*o. Suppose -4*r + r + 21 = o. What are the prime factors of r?
7
Let l = 140 - 79. Let g = l - 33. What are the prime factors of g?
2, 7
Suppose 11*o - 6*o = 845. Suppose 2*m - 90 = -3*b, -b + o = 4*b - 3*m. List the prime factors of b.
2
Let k = -21 - -81. What are the prime factors of k?
2, 3, 5
Suppose -g - 8 = k, -k + 0*g - 24 = 5*g. Let w = -2 - k. List the prime factors of w.
2
Suppose -3*a = b - 65 - 12, -257 = -3*b + 4*a. What are the prime factors of b?
83
Suppose 6*p = 3*p + 18. List the prime factors of p*(-4 - 18/(-4)).
3
Let a = 12 - 11. Suppose n - 17 = -a. List the prime factors of n.
2
Let q = 0 + 4. Suppose 0*i - q = -i. Suppose i*g - 12 = 2*l, 0*g - g - 7 = -3*l. List the prime factors of g.
5
Let m(b) be the third derivative of -b**4/3 + b**3/6 - 8*b**2. Let w be ((-1)/1 - -1) + -1. List the prime factors of m(w).
3
Suppose -4*c + c = 36. Let r be ((-4)/6)/(1/c). Let p = r + -4. What are the prime factors of p?
2
Let l(g) = 2*g + 3. Let i(o) = 5*o - 4. Let c(q) = 4*q - 4. Let k(r) = -6*c(r) + 5*i(r). Let f(d) = 2*k(d) - 3*l(d). List the prime factors of f(-2).
7
Let a = -6 + 60. List the prime factors of a.
2, 3
Let y(w) be the first derivative of -w**4/24 + 4*w**3/3 + w**2/2 - 2. Let p(q) be the second derivative of y(q). What are the prime factors of p(-6)?
2, 7
Let l be (-2)/(-9) - 76/18. Let q be 6/l*(-4)/(-3). Let t = q - -12. List the prime factors of t.
2, 5
Let q = -8 + 44. List the prime factors of (0/3 - -1) + q.
37
Let x(a) = -5*a**3 + 2*a**2 - 2*a + 1. Let d be x(1). Let v(o) = -o**3 - 5*o**2 + o + 4. Let k be v(d). What are the prime factors of k/(-4) + (0 - -1)?
5
Let b be (20/2)/(-1 + 2). Let o be 4/(-12) - b/(-3). Let u = o - -4. What are the prime factors of u?
7
Let g(b) = 3*b**2 - 4*b - 5. Let q be g(4). Let s = q + -12. Suppose -4*m = 4*j - 13 - s, 4*j - 18 = -3*m. What are the prime factors of m?
2, 5
Suppose s = 3*z + 11 - 1, -2*z = 3*s - 8. Let h be (22/1)/(-1 - z). Let k = h - 10. What are the prime factors of k?
2, 3
Let u = -12 - -17. Let m(p) = -2*p**2 + 14*p + 1. Let r be m(7). Let j = u + r. What are the prime factors of j?
2, 3
Let n be ((-4)/(-3))/(2/(-6)). Let z be ((-2)/n)/(1/6). Suppose -2*c - z = -3*c. What are the prime factors of c?
3
Suppose -63 = -4*j - z - 2*z, -2*j = z - 31. Suppose b + 0*w - j = 2*w, -15 = -b - w. What are the prime factors of b?
3, 5
Let h(l) = l**2 - 4*l + 3. Let y be h(4). Suppose -5*r = -y*f, -4*f - 6*r + 35 = -r. What are the prime factors of f?
5
Let x(r) = r + 9. Let o be x(-4). What are the prime factors of 65/o + 1*2?
3, 5
Let h(o) = 5*o**3 + o**2 + 2*o - 10. List the prime factors of h(3).
2, 5, 7
Let d(k) = k**3 - 6*k**2 + 2*k - 2. Let s(y) be the third derivative of y**4/8 - y**3/2 - 2*y**2. Let h be s(3). List the prime factors of d(h).
2, 5
Suppose 2*f = -f + 24. Let a = 23 - f. What are the prime factors of a?
3, 5
Suppose -3292 = -7*a - 296. List the prime factors of a.
2, 107
Suppose 0 = s - 2*v + 2, -3*v + 6 = s - 2. What are the prime factors of s?
2
Suppose -32 = 2*d - 5*h - 166, 114 = 2*d + 5*h. What are the prime factors of d?
2, 31
Let a(o) = o**3 + 11*o**2 - 14*o + 4. List the prime factors of a(-12).
2, 7
Let s = 14 - 10. Suppose -5*z + 13 = -s*y + 5*y, -z = 4*y